1.
29
Calculate the greatest common factor of 1147 and 37.
37
Calculate the greatest common divisor of 9 and 2790.
9
What is the greatest common divisor of 323 and 1197?
19
Calculate the greatest common factor of 6 and 594.
6
Calculate the highest common factor of 16 and 400.
16
What is the highest common divisor of 17270 and 330?
110
What is the highest common factor of 105 and 595?
35
What is the highest common divisor of 35 and 6910?
5
What is the greatest common divisor of 37548 and 28?
28
Calculate the greatest common divisor of 34444 and 872.
436
What is the highest common factor of 176 and 11?
11
Calculate the highest common factor of 1012 and 92.
92
What is the greatest common divisor of 102 and 654?
6
Calculate the greatest common factor of 1104 and 69.
69
Calculate the highest common factor of 88 and 1992.
8
What is the highest common factor of 19440 and 80?
80
Calculate the highest common divisor of 55 and 880.
55
Calculate the greatest common factor of 40 and 88.
8
What is the highest common factor of 158 and 711?
79
What is the greatest common factor of 11652 and 12?
12
What is the highest common factor of 371 and 1802?
53
What is the greatest common factor of 171 and 36?
9
Calculate the highest common factor of 8110 and 10.
10
What is the highest common factor of 129 and 16383?
129
Calculate the highest common factor of 17 and 4964.
17
Calculate the greatest common factor of 2120 and 200.
40
Calculate the highest common factor of 45 and 126.
9
Calculate the greatest common factor of 143 and 451.
11
What is the highest common divisor of 57 and 21?
3
What is the greatest common divisor of 1850 and 5?
5
What is the greatest common divisor of 39 and 5486?
13
What is the greatest common divisor of 22 and 13046?
22
What is the highest common factor of 231 and 189?
21
What is the greatest common factor of 14289 and 33?
33
What is the highest common factor of 774 and 96?
6
Calculate the highest common factor of 128 and 128.
128
What is the greatest common divisor of 26134 and 146?
146
What is the highest common divisor of 904 and 1243?
113
What is the highest common factor of 90584 and 52?
52
What is the highest common divisor of 15 and 5?
5
Calculate the greatest common factor of 693 and 18.
9
What is the greatest common divisor of 833 and 221?
17
What is the greatest common factor of 9240 and 495?
165
Calculate the highest common divisor of 11 and 14509.
11
What is the greatest common factor of 18262 and 138?
46
Calculate the highest common factor of 1530 and 459.
153
Calculate the highest common divisor of 1053 and 495.
9
Calculate the greatest common divisor of 1300 and 13.
13
Calculate the greatest common divisor of 132 and 5874.
66
What is the greatest common divisor of 48 and 18?
6
Calculate the highest common divisor of 46 and 1150.
46
What is the greatest common factor of 35 and 10?
5
Calculate the greatest common factor of 128 and 704.
64
Calculate the greatest common divisor of 112 and 84.
28
Calculate the greatest common factor of 24 and 564.
12
Calculate the highest common factor of 143 and 767.
13
What is the highest common divisor of 1107 and 82?
41
Calculate the greatest common factor of 350 and 56.
14
Calculate the greatest common divisor of 8 and 872.
8
What is the highest common divisor of 70 and 28?
14
Calculate the greatest common factor of 6 and 48.
6
What is the highest common factor of 58 and 2726?
58
Calculate the greatest common factor of 40 and 215.
5
Calculate the greatest common factor of 128 and 272.
16
Calculate the highest common divisor of 5709 and 33.
33
What is the highest common divisor of 2 and 10?
2
What is the highest common divisor of 1352 and 13?
13
What is the greatest common divisor of 272 and 374?
34
Calculate the highest common divisor of 32 and 3504.
16
What is the highest common divisor of 98 and 56?
14
Calculate the greatest common divisor of 57 and 9.
3
Calculate the highest common divisor of 215 and 172.
43
What is the highest common factor of 121 and 2519?
11
Calculate the highest common divisor of 104 and 31304.
104
What is the greatest common factor of 156 and 90012?
156
Calculate the highest common factor of 185 and 5.
5
Calculate the highest common divisor of 133 and 28.
7
Calculate the highest common divisor of 21 and 1897.
7
What is the highest common factor of 2988 and 36?
36
What is the greatest common divisor of 15 and 215?
5
Calculate the highest common factor of 15 and 501.
3
Calculate the highest common factor of 2175 and 1200.
75
Calculate the highest common divisor of 81 and 4320.
27
Calculate the greatest common divisor of 118 and 59.
59
What is the highest common factor of 140 and 371?
7
Calculate the highest common divisor of 18 and 102.
6
What is the greatest common divisor of 75 and 12840?
15
Calculate the greatest common divisor of 702 and 36.
18
Calculate the greatest common factor of 640 and 16.
16
Calculate the greatest common divisor of 9555 and 195.
195
What is the greatest common factor of 555 and 255?
15
Calculate the greatest common divisor of 3 and 27.
3
Calculate the greatest common divisor of 1130 and 50.
10
Calculate the greatest common factor of 444 and 24.
12
Calculate the greatest common divisor of 720 and 3168.
144
What is the highest common factor of 92 and 1196?
92
What is the greatest common factor of 10 and 170?
10
Calculate the greatest common factor of 5085 and 30.
15
What is the highest common divisor of 11892 and 12?
12
What is the highest common factor of 621 and 115?
23
What is the highest common factor of 17 and 289?
17
Calculate the highest common factor of 105 and 2160.
15
Calculate the highest common divisor of 45 and 207.
9
Calculate the greatest common divisor of 330 and 90.
30
What is the highest common divisor of 560 and 8288?
112
Calculate the greatest common divisor of 5940 and 90.
90
What is the highest common factor of 6176 and 32?
32
Calculate the greatest common divisor of 1160 and 725.
145
What is the highest common divisor of 78 and 3939?
39
What is the highest common factor of 8 and 19?
1
What is the greatest common factor of 408 and 102?
102
What is the highest common divisor of 96 and 1176?
24
Calculate the greatest common divisor of 710 and 10.
10
What is the greatest common divisor of 50 and 30?
10
Calculate the greatest common factor of 9 and 35163.
9
Calculate the highest common divisor of 4 and 644.
4
What is the highest common factor of 4 and 23?
1
What is the highest common factor of 242 and 33?
11
Calculate the highest common factor of 7 and 343.
7
What is the greatest common divisor of 333 and 9?
9
What is the highest common factor of 10 and 762?
2
Calculate the greatest common divisor of 1888 and 354.
118
What is the greatest common divisor of 66 and 3102?
66
Calculate the highest common factor of 590 and 3.
1
What is the greatest common divisor of 1406 and 37?
37
What is the greatest common factor of 7 and 829?
1
Calculate the greatest common divisor of 3 and 4269.
3
Calculate the greatest common factor of 1694 and 2.
2
What is the highest common divisor of 1720 and 16?
8
What is the greatest common factor of 414 and 234?
18
What is the highest common factor of 41 and 2173?
41
Calculate the highest common divisor of 202 and 16.
2
Calculate the greatest common factor of 84 and 12.
12
Calculate the greatest common divisor of 44 and 99.
11
Calculate the greatest common divisor of 1 and 131.
1
What is the greatest common factor of 6039 and 363?
33
Calculate the highest common factor of 84 and 1728.
12
What is the greatest common divisor of 154 and 44?
22
What is the greatest common divisor of 150 and 6?
6
Calculate the greatest common factor of 689 and 53.
53
Calculate the greatest common divisor of 52 and 1482.
26
What is the greatest common divisor of 65 and 104?
13
Calculate the greatest common divisor of 475 and 3650.
25
What is the highest common divisor of 3 and 96?
3
Calculate the highest common divisor of 26 and 2.
2
Calculate the greatest common factor of 12 and 8.
4
Calculate the highest common divisor of 58152 and 12.
12
Calculate the highest common factor of 56 and 3416.
56
What is the greatest common divisor of 9 and 963?
9
Calculate the greatest common factor of 5456 and 64.
16
What is the highest 